ided by d.
10
Suppose -d - d - 5*u = -18, 4*d - 5*u - 6 = 0. Suppose -5*g = -3*q + 133 - 48, 60 = d*q + 4*g. What is the remainder when 90 is divided by q?
10
Let j = -545 - -543. Calculate the remainder when 176 is divided by ((1 - 1) + j/(-4))*58.
2
Suppose 2*b - 5*b + 852 = 0. Suppose -b = 16*o - 1436. What is the remainder when 211 is divided by o?
67
Suppose 303 = 12*b - 297. What is the remainder when 11/(-22)*-145*2 is divided by b?
45
Suppose 0*n + 17 = n. Let a = -182167 - -182243. What is the remainder when a is divided by n?
8
Suppose 4*p - j - 15 = 19, -42 = -4*p + 5*j. Suppose -75 = -p*r - 3. Calculate the remainder when 26 is divided by r.
8
Suppose w + 858 = 2*h, 9*w = 4*h + 13*w - 1692. Let x = h - 426. Calculate the remainder when 9 is divided by x.
0
Let q(n) = n - 5. Let m be q(7). Suppose 0 = -4*v + 2*c + 1 + 19, -3*v + c + 16 = 0. Calculate the remainder when 38 is divided by v/(-27) + 168/27 + m.
6
Suppose -42*h + 41*h = -724. Calculate the remainder when h is divided by 17.
10
Suppose 3*i = 15, 675 = 6*p - p - i. Calculate the remainder when p is divided by 798/(-95)*(-45)/6 - -7.
66
Let x(y) = y**3 - 51*y**2 - 39*y + 2152. What is the remainder when 944 is divided by x(51)?
129
Let m = 9220 + -7810. What is the remainder when m is divided by 175?
10
Let o(z) = 368*z + 12628. What is the remainder when 1056 is divided by o(-34)?
12
Suppose 0 = 7*t - 8*t + 269. Suppose 0 = -262*m + t*m - 574. Calculate the remainder when m is divided by 28.
26
Suppose 5*t = 12*a - 13*a + 756, -a - 3*t + 752 = 0. Calculate the remainder when a is divided by 75.
71
Let b(g) = 47*g + 1046. What is the remainder when 155 is divided by b(-21)?
37
Let i(z) = -z**2 - 24*z + 49. Let o be i(-25). Let g be (-10)/(-6) + (-16)/o - 0. What is the remainder when 0 + 0 - -1*(g + 262) is divided by 53?
51
Let x(f) be the third derivative of -f**6/120 + f**5/15 + 2*f**4/3 + 22*f**2 - 1. Let c(a) = -a + 15. Calculate the remainder when x(6) is divided by c(8).
3
Suppose -1 - 83 = -6*r. Let b(p) = -2*p**3 - 9*p**2 - 8*p - 16. Calculate the remainder when b(-5) is divided by r + 0/(1/(4/(-4))).
7
Let i(a) = a**2 + 7*a - 17. Let h be i(-10). Suppose -4*t + h = 53. Let d(q) = -q**2 - 10*q + 17. Calculate the remainder when 62 is divided by d(t).
11
Let u be ((-30)/(-25) + -2)*5 - 491. Let b = -425 - u. Calculate the remainder when b is divided by 30.
10
Suppose 3135 - 8427 = -28*c. What is the remainder when 206 is divided by c?
17
Let v be -1*((-1 - -4) + -3). Suppose -2*b + 40 + 180 = v. Let r(z) = 18*z**2 + 85*z + 3. What is the remainder when b is divided by r(-5)?
26
Let k be -94*((-45)/(-3))/3. Let c = -383 - k. Calculate the remainder when c is divided by 39.
9
Suppose 0 = 12*p - 37*p + 13650. What is the remainder when -4 - p/((-12)/4) is divided by 15?
13
Let p be 1105/2 + 42/84. Let c = p + -520. Calculate the remainder when 327 is divided by c.
30
Suppose 4*y + 23 = 5*r - 41, -3*r = -2*y - 38. Let j(h) = 4*h + 24. Let w be j(-4). Let a(l) = l**2 - 8*l + 5. What is the remainder when r is divided by a(w)?
2
Let k(p) = 2*p**2 + 10*p - 47. Let q be (-5 - -3 - -5) + -12. Calculate the remainder when 72 is divided by k(q).
22
Let n(j) = -j**3 + 7*j**2 + 13*j + 1. Let l be n(9). Let d = -38 - l. Let u = -37 + 59. Calculate the remainder when u is divided by d.
4
Let j be 6/(0 - (-8 + 4))*2. What is the remainder when (-90)/(-20)*44/j is divided by 17?
15
Let x(s) = 9*s**2 + 15*s + 16. Let q be x(-9). Suppose -4*g + q = 90. Suppose 0 = 6*f - f - g. Calculate the remainder when f is divided by 10.
6
What is the remainder when 6 - (93770/(-8)*3 + 80/(-64)) is divided by 9?
8
Suppose 75 = 2*a + 5*q, 5*q - 9 = 3*a - q. Suppose -2*s = 4*c - 252, -2*s + 4*c - 35 = -319. Calculate the remainder when s is divided by a.
14
Let c(r) = r**3 - 12*r**2 - 8*r + 119. What is the remainder when 294 is divided by c(13)?
110
What is the remainder when (939/24)/(-1*(-1)/8) is divided by 63?
61
Let z = 196 + -256. What is the remainder when 18*(-10)/4*96/z is divided by 5?
2
Let a(y) = -5*y - 3 + 9 - 30*y**2 + 29*y**2. Let c be a(-7). Let i(v) = 2*v + 22. Calculate the remainder when i(c) is divided by 5.
1
Let l(x) = -x - 2. Let g be l(5). Let u be -1*g/(7/4). Suppose -22 = -4*d + 5*m, d + 5*m = -u*d + 50. Calculate the remainder when 31 is divided by d.
7
Suppose -x - 5*a = -54, -363*x + 366*x + 4*a - 85 = 0. Calculate the remainder when 1214 is divided by x.
17
Let a(z) = -25*z - 171. Let u be a(-7). Calculate the remainder when (16/6)/u*(227 + 7) is divided by 32.
28
Suppose -7*u + 4 - 60 = 0. What is the remainder when (2 + -1 - 1) + 44 is divided by 6/(-1) - 232/u?
21
Let y(a) = 10*a - 2. What is the remainder when 3 - (-14 + (-12600)/50) is divided by y(2)?
17
Suppose 19*t = 16*t + 123 + 102. Calculate the remainder when 299 is divided by t.
74
Suppose -248 = -3*i + 5*x, -2*x = -5*i + 417 - 10. What is the remainder when i is divided by 14 - -4*42/24?
18
Suppose 47*a = 50*a + 5*d - 1796, 2*d = 4*a - 2438. What is the remainder when a is divided by 5?
2
Let w(o) = -40*o + 3. Let m(a) = -a**2 + 6*a + 3. Let x be m(7). What is the remainder when w(x) is divided by ((-52)/(-13))/(2/6) - (39 - 42)?
13
Suppose -6*g + 15 = -21. Suppose 53 = 31*q - 133. Calculate the remainder when q is divided by g.
0
Suppose -2*k + 176 = -6*d, -18*d = -2*k - 17*d + 171. What is the remainder when k is divided by 43?
42
Suppose 4*p - 3*r - 450 = 0, -94*p - 462 = -98*p + r. Calculate the remainder when 781 is divided by p.
79
Let v(d) = d**3 - 6*d**2 + d + 2. Let c be v(6). Let g(p) = p**3 - 8*p**2 + 2*p + 4. Let o(j) = -14*j - 15. What is the remainder when o(-8) is divided by g(c)?
17
Suppose 6*j = -0*j + 420. Suppose -9*q + 502 = j. Let h = q - 7. Calculate the remainder when h is divided by 14.
13
Let j = -145 - -153. Calculate the remainder when (-165)/(-3) + 0 + (6 - j) is divided by 14.
11
Let m(k) = 2*k**2 + k. Let v be m(-2). Suppose -v*b = -54 - 36. Calculate the remainder when 42 is divided by b.
12
Let g = -20 - -23. Suppose -4*l + 3*w + 35 = 2, -g*l - 4*w + 6 = 0. Let r = -13 + 22. What is the remainder when r is divided by l?
3
Let d(w) = -w**3 + 13*w**2 - w + 13. Let a be d(13). Suppose 4*s - 3*h - 165 = a, -150 = 4*s - 7*s - 3*h. Calculate the remainder when 268 is divided by s.
43
Let j = -469 - -471. Suppose 2*i + 28 - 39 = -5*f, j*f - 26 = -2*i. What is the remainder when i is divided by (12 - 0) + 0 + -1?
7
Let f(s) = 27*s - 1488. Calculate the remainder when f(61) is divided by 85.
74
Let k = 5580 + -5302. Calculate the remainder when k is divided by 134.
10
Let b be ((-15)/25)/((-2)/90). Suppose g - b = 11. Suppose 0 = -29*w + 30*w - 112. What is the remainder when w is divided by g?
36
Let b = -9731 + 11839. What is the remainder when b is divided by 8?
4
Suppose 2*g - m = 198, 792 = 5*g + m + 297. Let d = 93 - 93. Suppose d = 5*y - 11*y + 120. Calculate the remainder when g is divided by y.
19
Calculate the remainder when 1312 is divided by -1*441/27*(-17 - -14).
38
Suppose 4*w = 3*x + 3, 2*x - w - 21 = -6*w. Calculate the remainder when 9 is divided by 5 - (2 + x/(-3)).
1
Let i be 6/4*(-56)/(-21). Suppose i*m = 3*o - 4*o + 10, -o - 5*m + 10 = 0. Calculate the remainder when o is divided by (-10)/((-4)/(-8)*-4).
0
Let s be -3 - -13 - (-14 - -7). Suppose -s*t - 400 = -27*t. Let i(a) = -a**3 - 6*a**2 - 2*a - 5. Calculate the remainder when t is divided by i(-6).
5
Suppose -1293*w + 42 - 222 = -1298*w. Calculate the remainder when 3129 is divided by w.
33
Suppose 0 = -6*q + 3 + 183. Let c(r) = 48*r + 15. Let i be c(12). Let l = -407 + i. What is the remainder when l is divided by q?
29
Let x(w) = 2*w. Let u(l) = -2*l**2 + 7*l + 33. Calculate the remainder when u(4) is divided by x(4).
5
Suppose -16*d + 61 = -83. Suppose -11*i + d*i = -142. What is the remainder when 354 is divided by i?
70
Let b = -1667 - -2690. Calculate the remainder when 216 is divided by b/18 + 1/6.
45
Let y = 5099 + -5051. Calculate the remainder when 0 + 332/1 - -1 is divided by y.
45
Let o = -5418 + 5453. Calculate the remainder when 311 is divided by o.
31
Let j be ((-22)/(-6))/((-19)/342). What is the remainder when (7/(-2))/(11/j) is divided by 6?
3
Suppose -297*o - 1876 = -325*o. What is th